or of d and 14.
14
Let r(b) = 754*b - 767*b + 62 + 3*b**2 - b**2. Let m be r(7). What is the greatest common divisor of 46 and m?
23
Let g(u) = 27*u**3 + u**2 - 6*u + 2. Let k be g(2). Calculate the highest common divisor of 150 and k.
30
Suppose 24*x = -8*x + 29449 + 5367. Calculate the highest common divisor of 576 and x.
64
Suppose -3*k - 772 = -4*u + 61759, -5*k = u - 15650. Calculate the highest common factor of 885 and u.
295
Suppose -2*d = -4*l + 7208, 899 = 4*l + 3*d - 6329. Calculate the highest common factor of 4 and l.
4
Let a be (2/(-6))/(237/(-207612)). What is the greatest common divisor of a and 18?
2
Suppose -5*o - 15 = 0, 598 - 7 = 4*j + 3*o. Calculate the greatest common divisor of 1920 and j.
30
Suppose -9*m - 3*m = 7560. Let j be (-7)/(m/1158) + (-2)/(-15). What is the greatest common factor of 13 and j?
13
Let q = 5005 + -4565. What is the greatest common factor of q and 1496?
88
Let n(h) = 6*h**3 - 4*h**2 - 3*h + 3. Let c be n(4). Let v = c - 283. Calculate the greatest common divisor of v and 532.
28
Suppose -18*a + 13*a - 359 = -2*u, 5*u + 2*a = 825. Suppose 739 = 2*n + u. What is the greatest common factor of 66 and n?
22
Suppose 189*w = 208*w - 1534 + 622. What is the highest common factor of w and 9936?
48
Suppose -10*p = -6*p - 8. Let u = 8 + -5. Suppose -3*d - 26 = -p*r, 3*d + 52 = u*r + r. What is the greatest common divisor of 65 and r?
13
Suppose -2702820 = -242*q - 179*q. What is the highest common divisor of q and 105?
15
Let c be 1/((-2)/45)*(-5 - (-42)/30). What is the highest common divisor of 1431 and c?
27
Suppose -68*l + 1033 = -928 + 805. Calculate the highest common divisor of 10727 and l.
17
Let b be (25/(-10))/((-3)/96). Let y = 34 + 17. Let r = y - 46. Calculate the highest common divisor of r and b.
5
Suppose 37*q = 22*q + 150. Let r(k) = -2*k**2 + 33*k + 14. Let m be r(q). What is the greatest common divisor of m and 32?
16
Suppose -9*w = 22 + 32. Let c(x) = -8*x - 39. Let a be c(w). Let g be (75 - -10) + 1*-4. Calculate the highest common factor of a and g.
9
Let v(g) = -14*g**3 + 3*g**2 + 11*g - 2. Let s be v(-2). Let z be 1/(-2) + (-82)/(-4). What is the greatest common divisor of z and s?
20
Let m be 1/(2 - 37/19). Let u be m/6 - 4/(-144)*-6. Suppose 0 = -3*n + u*s - 0*s + 96, 112 = 3*n + s. What is the greatest common divisor of 12 and n?
12
Let y = 435 - 636. Let h = y - -222. What is the highest common factor of 28 and h?
7
Suppose -83*z + 33989 + 47526 + 19330 = 0. What is the greatest common factor of z and 45?
45
Let w be (-3 - 17/(-5))*415. Let g be w/10 - ((-34)/10 + 3). Let a(m) = m**3 - 8*m**2 + m + 12. Let n be a(9). Calculate the greatest common divisor of g and n.
17
Let a(q) = q**2 - 10*q + 13. Let f = -21 + 32. Let j be a(f). Suppose -88*l = -87*l - 16. What is the greatest common factor of l and j?
8
Let b(t) = -7*t - 31. Let r be b(10). Let p = -25 - r. Let y(l) = l**2 + 5*l + 5. Let h be y(-7). Calculate the greatest common divisor of p and h.
19
Let s be -3 - ((-8)/20)/((-2)/740). Let p = -264 - s. Let v = 261 + p. Calculate the highest common factor of 37 and v.
37
Suppose -5*u + 13*l = 10*l - 535, 5*u + l - 515 = 0. Calculate the highest common divisor of u and 1755.
13
Let y(a) = -2*a**3 + 49*a**2 - 33*a + 13. Let k be y(22). What is the highest common divisor of k and 3?
3
Let l(p) be the second derivative of p**4/12 - 3*p**3/2 + 15*p**2/2 - 61*p. Let x be l(8). What is the highest common factor of 28 and x?
7
Suppose 0 = 83*x - 51*x - 576. Let r(i) = 6*i**3 - 3*i**2 + 4*i - 3. Let y be r(2). Suppose -y + 473 = 3*z. Calculate the greatest common divisor of x and z.
18
Let c be ((-10)/35 - 80/112)/(1/(-19)). Suppose 9*b - 4*b = 15. Suppose 0 = -b*z + 4*z - 57. What is the highest common factor of z and c?
19
Let u be ((24/(-192))/(1/(-582)))/(1/76). What is the highest common factor of u and 57?
57
Let f be -14 - (15/20 - 1/(-4)). Let z be ((-20)/f)/((-2)/(-69)). Calculate the greatest common divisor of 368 and z.
46
Suppose -5*h + 0 = -10, -2*l + 5*h = -1000. Suppose -90*v = -95*v + l. What is the greatest common divisor of 808 and v?
101
Suppose 4*u - 826 = -2*l, 8*u + 199 = 9*u - l. What is the highest common divisor of u and 4420?
68
Let t = 2617 + -447. Calculate the greatest common factor of t and 30.
10
Suppose 2*u = 4*t + 40 + 34, -2*t + 2*u = 38. Let l = 51 + t. Calculate the greatest common divisor of 99 and l.
33
Let l be 89/1 + (78 - 82) + -5. Calculate the highest common divisor of l and 130.
10
Let i = 1636 - 2317. Let b = -664 - i. Let g(c) = c**3 - c**2 - 3*c. Let q be g(5). What is the highest common factor of b and q?
17
Suppose -97*p = -85*p - 180. Let t(b) = -10*b + 20. Let k be t(0). Calculate the greatest common divisor of k and p.
5
Let t = -26672 - -27211. What is the highest common factor of t and 1441?
11
Suppose 7*t - f + 6 = 3*t, 0 = 2*f - 4. Let h be (3*t)/((-144)/2400). Calculate the greatest common divisor of 45 and h.
5
Suppose -211*b + 3463 = -86*b - 5287. What is the highest common divisor of b and 930?
10
Let l be (-2)/(2/(-506)*(-30)/(-225)). What is the greatest common divisor of l and 483?
69
Let m(q) = -7*q + 205. Let y be m(23). Let b(n) = 3*n + 37. Let j be b(6). What is the greatest common factor of y and j?
11
Let k(b) = -8*b - 2. Let q be k(-10). Suppose -5*a = 122 + q. Let m be a/(-1 + (-4 - -4)). Calculate the greatest common divisor of 5 and m.
5
Suppose -2*i - 494 = 2*t + 508, 2*i = 5*t + 2505. Let d = t + 529. What is the greatest common divisor of d and 119?
7
Suppose 0 = -819*y + 830*y + 638. Suppose 2*c = -3*c + 405. Let j = c + y. What is the greatest common divisor of j and 69?
23
Let l = -9 + 21. Let i(x) = -10*x**2 + 507*x + 166. Let s be i(50). What is the greatest common factor of l and s?
12
Suppose 0 = 35*h - 89290 - 98065. What is the greatest common factor of h and 202?
101
Suppose q = -b + 17, -b + 0*b - 3*q = -15. Let v(s) = -11*s**3 + s**2 + 5*s + 14. Let p be v(-2). Calculate the greatest common factor of b and p.
6
Let t be 4/(-10) - (-317)/5. Suppose -18 - 24 = -d. Suppose -9*u = -d - 39. Calculate the greatest common divisor of u and t.
9
Let s be (1 + 4)*(-2680)/(-100). Let u = s + -112. What is the greatest common factor of u and 198?
22
Suppose 194 = 4*m - 2*x, 5*m = 25*x - 24*x + 241. Calculate the greatest common factor of 912 and m.
48
Let u = -214 - -216. Suppose -7*a - 146 = -2*s - u*a, -4*a - 280 = -4*s. Calculate the highest common factor of 51 and s.
17
Suppose 437*t - 442*t = -2055. Let l = -363 + t. What is the highest common factor of l and 36?
12
Let t(v) = v**3 - 11*v**2 + 10*v + 1. Let p be t(13). Let n = -269 + p. What is the greatest common divisor of n and 120?
40
Let z(x) = -5*x + 9. Let m be z(8). Let s = -28 - m. Suppose 3*o + 0*o = -q + 109, -4*o - s*q = -137. What is the greatest common divisor of o and 19?
19
Let w(y) = -13*y + 111. Let d be w(9). Let r be 1*(10 + d - 17*-4). Calculate the highest common factor of r and 216.
72
Let o(n) = 100*n**2 + 1142*n + 4573. Let m be o(-4). Calculate the highest common divisor of m and 15.
15
Suppose 8*w = 2*w + 18. Suppose -20*h + 187 = -53. Calculate the highest common factor of h and w.
3
Let m = -4970 + 5846. Calculate the highest common divisor of m and 6.
6
Let z = 34584 - 34430. What is the greatest common factor of z and 7777?
77
Let g be -4 + 6 + 6/2*-1. Let o be (241/3)/(g + (-8)/(-6)). Let d = 481 - o. What is the greatest common divisor of d and 30?
30
Let u(d) = d**3 - 43*d**2 - 218*d + 610. Let p be u(48). What is the highest common divisor of 98 and p?
98
Let q = 2519 - 2453. Calculate the highest common divisor of q and 264.
66
Suppose -11*a - 12*a = -644. Let z = 87 + -45. What is the greatest common factor of a and z?
14
Let v be (51/102)/(4/40). Calculate the greatest common factor of v and 995.
5
Suppose -3 - 33 = -y. Let l be 49/(-21)*y/(2*-1). Suppose -p + 5*c = -16, 7*c = 2*p + 2*c - l. Calculate the greatest common divisor of p and 78.
26
Suppose -2*l = -l - 21. Let d = -27741 - -27783. What is the greatest common divisor of l and d?
21
Suppose -l = 3*w - 257 + 91, l = 2*w + 181. What is the highest common divisor of l and 203?
7
Suppose 10*j - 7*j - 373 = -5*q, 4*q = 5*j - 560. Suppose 540 = 4*u - 156. Calcula